= g**3 + 27*g**2 + 26*g + 5. Determine f(-26).
5
Let n(m) = m**2 - 4*m - 3. Give n(4).
-3
Let l(f) = -f - 39. Give l(-11).
-28
Let n(b) = -12*b**2 - 73*b + 3. Give n(-6).
9
Let o(d) = 5*d**2 - 33*d + 16. Calculate o(6).
-2
Let d(y) = -y**2 + 5*y - 10. Calculate d(4).
-6
Let m(z) = -3*z**2 - 18*z - 28. Calculate m(-8).
-76
Let f(h) = h**3 + 17*h**2 - 7*h + 16. Calculate f(-17).
135
Let x(y) = -y**2 + 3*y - 25. What is x(5)?
-35
Let j(l) = l**2 + 9*l + 12. What is j(-3)?
-6
Let v(a) = a**3 - 8*a**2 + 6*a + 13. Determine v(7).
6
Let t(q) = 84*q - 2. Calculate t(0).
-2
Let i(d) = d**3 - 2*d**2 + 7*d - 13. Calculate i(6).
173
Let o(j) = 4*j**2 - 34*j - 9. What is o(9)?
9
Let s(x) = -x**2 - 5*x - 1. Determine s(-6).
-7
Let h(k) = -12*k + 156. Calculate h(13).
0
Let t(x) = -4*x - 68. Give t(-5).
-48
Let x(q) = q**3 + 20*q**2 - 22*q - 14. Calculate x(-21).
7
Let d(w) = w**2 + 5*w - 74. What is d(-12)?
10
Let u(i) = i**3 + 2*i**2 - 3*i + 4. Determine u(-4).
-16
Let m(i) = i**3 + 5*i**2 - i - 5. Determine m(0).
-5
Let c(t) = -t**3 - 3*t**2 + 6*t + 4. Calculate c(-4).
-4
Let n(b) = b**2 + 3*b - 8. Determine n(5).
32
Let q(z) = -2*z**2 + 35*z - 157. Determine q(8).
-5
Let u(d) = 5*d. Give u(1).
5
Let i(n) = 21*n + 29. Determine i(0).
29
Let n(s) = 7*s - 125. What is n(17)?
-6
Let f(r) = -5*r**2 - 5*r + 8. Give f(-5).
-92
Let r(v) = -v**3 - 29*v**2 + 64*v + 46. What is r(-31)?
-16
Let a(b) = -b**2 + 4*b - 3. What is a(5)?
-8
Let r(c) = c**3 + c**2 - 2*c - 4. What is r(2)?
4
Let h(o) = o + 20. What is h(-9)?
11
Let d(o) = o**2 + 8*o - 3. Determine d(-11).
30
Let w(r) = r**2 + 9*r + 13. What is w(-6)?
-5
Let b(d) = -d**2 - 16*d - 32. Give b(-13).
7
Let k(l) = -5*l + 35. Give k(19).
-60
Let z(w) = 2*w - 34. Determine z(7).
-20
Let z(u) = -7*u - 3. Give z(-1).
4
Let t(d) = d**3 - 8*d**2 + 4*d. What is t(6)?
-48
Let n(i) = 7*i + 32. Give n(-6).
-10
Let o(y) = -y**3 + 8*y**2 - 2*y. What is o(8)?
-16
Let c(j) = -6*j - 2. Calculate c(5).
-32
Let x(k) = -22*k**2 + 41*k + 10. Determine x(2).
4
Let f(i) = i**3 + 9*i**2 + 16*i + 4. Determine f(-7).
-10
Let c(f) = 2*f - 25. Calculate c(14).
3
Let r(l) = -l**2 + 9*l + 15. Calculate r(-4).
-37
Let j(p) = -2*p**3 + 6*p**2 - 5*p + 1. Calculate j(2).
-1
Let w(v) = 5*v**3 - v**2 - 12*v - 4. What is w(3)?
86
Let z(d) = -d**3 + 4*d**2 + 6*d - 11. Determine z(5).
-6
Let t(w) = -w**3 - 11*w**2 - 12*w - 20. Give t(-8).
-116
Let v(x) = x + 7. Give v(0).
7
Let x(s) = -23*s**3 - s**2. Give x(1).
-24
Let q(y) = 2*y**3 + 4*y**2 + 2*y - 3. What is q(3)?
93
Let l(i) = 22*i + 136. What is l(-6)?
4
Let v(z) = -7*z + 5. What is v(2)?
-9
Let d(u) = -33*u + 95. Calculate d(3).
-4
Let p(t) = -t**2 + 11*t - 1. What is p(11)?
-1
Let p(g) = -52*g. Calculate p(1).
-52
Let c(t) = -t + 29. Determine c(0).
29
Let s(b) = b**2 - 3*b + 6. Calculate s(6).
24
Let h(n) = -2*n + 3. What is h(1)?
1
Let k(v) = -17*v + 628. What is k(37)?
-1
Let u(g) = g**2 + 2*g - 21. What is u(0)?
-21
Let a(p) = -p**3 + 10*p**2 - 21*p - 1. Calculate a(7).
-1
Let m(y) = y**3 + 8*y**2 + 4*y - 57. Determine m(-6).
-9
Let p(m) = m + 6. What is p(-5)?
1
Let b(t) = -3*t**2 - 7*t - 12. Give b(-3).
-18
Let r(x) = 3*x - 22. What is r(9)?
5
Let t(i) = -i**3 - 6*i**2 + 3*i - 1. Calculate t(2).
-27
Let h(t) = t - 6. Calculate h(4).
-2
Let t(f) = 4*f + 26. What is t(-6)?
2
Let o(k) = k**2 - 12*k + 10. Determine o(10).
-10
Let f(g) = g**3 + 5*g**2 + g - 14. Give f(-6).
-56
Let i(v) = 3*v. Determine i(4).
12
Let k(b) = -4*b + 1. Determine k(3).
-11
Let s(y) = -3*y + 3. Give s(6).
-15
Let u(t) = -t**2 - 14*t - 33. What is u(-12)?
-9
Let i(y) = -y**2 + 10*y + 26. What is i(11)?
15
Let z(u) = u - 8. Determine z(7).
-1
Let o(j) = 6*j**2 - 8*j + 7. Determine o(3).
37
Let h(v) = -v**2 - 3. What is h(11)?
-124
Let i(s) = -s**3 + 4*s**2 - 4*s + 1. Determine i(4).
-15
Let w(j) = j**3 + 3*j**2 + j + 5. Determine w(-3).
2
Let d(w) = 8*w + 12. What is d(2)?
28
Let v(t) = 3*t + 17. What is v(-4)?
5
Let z(s) = -s - 2. Give z(-5).
3
Let g(p) = p**3 + 8*p**2 + 9*p + 13. Determine g(-7).
-1
Let v(u) = 4*u + 7. Give v(1).
11
Let v(a) = 18*a**3 - 3*a + 2. What is v(1)?
17
Let d(l) = l**2 + 2*l - 7. Give d(-3).
-4
Let c(d) = -10*d - 20. Give c(-3).
10
Let p(i) = -26*i + 17. What is p(6)?
-139
Let t(s) = 8*s**2 - 78*s - 24. Give t(10).
-4
Let t(w) = -6*w - 23. Give t(8).
-71
Let s(l) = l**3 + 16*l**2 + 29*l + 209. Calculate s(-15).
-1
Let g(x) = x**3 - 18*x**2 - 19*x - 3. Calculate g(19).
-3
Let l(i) = 156*i + 1257. Determine l(-8).
9
Let w(t) = t**3 - t - 16. What is w(0)?
-16
Let h(v) = -5*v + 55. Give h(16).
-25
Let a(q) = -q**3 + 4*q**2 + 7*q - 10. Give a(4).
18
Let p(g) = g**3 - 12*g**2 - 45*g - 22. Calculate p(15).
-22
Let v(d) = 49*d**3 - 2*d**2 + 1. What is v(1)?
48
Let y(z) = 2*z**3 + 10*z**2 - 13*z - 34. What is y(-5)?
31
Let y(i) = -i**3 + i**2 + 4*i + 4. Calculate y(5).
-76
Let z(g) = -17*g + 19. What is z(-8)?
155
Let y(m) = 2*m**3 + 6*m**2 + 15*m + 1. Give y(-2).
-21
Let k(w) = -3*w**3 - w**2 + 8*w - 11. What is k(2)?
-23
Let i(n) = -2*n**2 - 6*n - 10. Calculate i(-3).
-10
Let u(b) = 4*b**2 + 206*b - 110. Calculate u(-52).
-6
Let t(a) = -a**3 + 7*a**2 + 4*a - 7. Calculate t(7).
21
Let p(a) = 113*a - 2. Determine p(1).
111
Let c(g) = 18*g + 9. Calculate c(2).
45
Let p(t) = -31*t**3 - 2*t**2 + 1. Give p(1).
-32
Let j(b) = 2*b**2 - 2*b + 9. Give j(5).
49
Let a(m) = 4*m + 35. Give a(-19).
-41
Let p(q) = 3*q**2 + 14*q + 4. What is p(-4)?
-4
Let r(s) = s**3 + 9*s**2 + 8*s - 7. Determine r(-8).
-7
Let b(l) = 2*l**2 + 9*l + 10. What is b(-3)?
1
Let t(v) = v**2 + 29*v + 192. Give t(-18).
-6
Let a(q) = 23*q + 780. Calculate a(-34).
-2
Let d(p) = -3*p**3 + 22*p**2 - 23*p + 7. Determine d(6).
13
Let h(b) = 3*b**2 - 3*b + 1. Calculate h(-2).
19
Let p(c) = c**3 - 3*c**2 - 2*c + 6. Determine p(4).
14
Let b(x) = x**2 - 3*x + 2. What is b(6)?
20
Let l(r) = -r**3 - 14*r**2 - 17*r - 8. Determine l(-12).
-92
Let n(j) = j**3 - 6*j**2 + 4*j + 5. Give n(4).
-11
Let z(r) = -9*r - 65. Give z(-11).
34
Let f(w) = 41*w - 1. What is f(1)?
40
Let a(x) = x**2 - 19*x - 146. Give a(-6).
4
Let i(h) = -h**3 + 5*h**2 + h + 3. Determine i(5).
8
Let x(m) = 24*m + 59. Calculate x(-3).
-13
Let r(j) = 40*j + 208. Calculate r(-5).
8
Let u(h) = h**3 - 13*h**2 + 7*h + 14. Determine u(12).
-46
Let t(y) = 2*y - 45. Calculate t(19).
-7
Let n(r) = 3*r**2 - 23*r - 20. What is n(5)?
-60
Let x(t) = -12*t + 242. Calculate x(20).
2
Let s(g) = -4*g - 5. Calculate s(-3).
7
Let j(w) = -5*w**3 + 2*w + 1. Calculate j(-2).
37
Let o(x) = 5*x + 16. Determine o(-2).
6
Let c(x) = x**2 + x + 29. Give c(0).
29
Let y(d) = -9*d + 7. Determine y(-6).
61
Let c(m) = 3*m + 21. Give c(4).
33
Let p(h) = h**3 - 5*h**2 - 6*h + 6. Give p(6).
6
Let v(a) = 16*a**2 - 10*a + 11. What is v(1)?
17
Let k(j) = j**3 - 8*j**2 + 14*j + 1. Calculate k(6).
13
Let j(z) = -z**3 + 4*z**2 - 2*z + 1. Determine j(4).
-7
Let l(g) = g - 8. What is l(-13)?
-21
Let k(b) = -2*b**3 + 45*b**2 + 18*b + 115. Determine k(23).
0
Let r(z) = z**3 + 4*z**2 - 8*z - 4. Give r(-6).
-28
Let y(g) = -g**3 - g**2 + 2*g - 4. Calculate y(0).
-4
Let v(k) = -2*k**2 + 50*k - 29. Calculate v(23).
63
Let j(w) = -5*w - 2. Give j(3).
-17
Let d(l) = -l**3 + 9*l**2 - 2*l + 1. Calculate d(3).
49
Let z(b) = -b**2 + 16*b + 33. Determine z(17).
16
Let t(g) = 2*g**2 + 4*g - 3. What is t(-3)?
3
Let u(k) = -2*k**2 + 14*k + 56. Determine u(10).
-4
Let x(r) = r**3 + 5*r**2 + 6*r + 3. Determine x(-4).
-5
Let k(f) = 23*f + 3. Calculate k(-2).
-43
Let y(b) = b**3 - 5*b**2 - 10*b + 20. What is y(6)?
-4
Let u(q) = q**3 + 2*q**2 - 8*q - 1. Give u(-4).
-1
Let l(g) = 17*g + 1396. Give l(-82).
2
Let i(w) = 3*w**2 - 3*w - 3. What is i(-2)?
15
Let n(s) = 2*s**2 + 2*s - 3. What is n(1)?
1
Let g(r) = 8*r - 41. What is g(5)?
-1
Let n(v) = -2*v**2 - 2*v - 18. Give n(-4).
-42
Let w(m) = -m**2 - 16*m - 30. Determine w(-14).
-2
Let k(p) = p**2 + 31*p + 164. Calculate k(-23).
-20
Let b(h) = h**2 + 7*h + 4. Calculate b(-10).
34
Let k(l) = -9*l**2. Give k(-1).
-9
Let v(j) = 3*j - 50. Determine v(17).
1
Let c(l) = 3*l**3 - l**2 - 4*l + 4. Give c(2).
16
Let b(h) = -h**3 - 3*h**2 + 15*h + 4. Determine b(-6).
22
Let x(q) = -q**3 - 8*q**2 - 11*q + 4. What is x(-6)?
-2
Let h(r) = 2*r**2 - 19*r - 25. Determine h(12).
35
Let o(b) = -2*b**3 + 18*b**2 - 